{"id":10,"date":"2021-04-12T08:33:03","date_gmt":"2021-04-12T11:33:03","guid":{"rendered":"http:\/\/dramabarroco.com\/montanhas\/?page_id=10"},"modified":"2021-07-07T10:05:19","modified_gmt":"2021-07-07T13:05:19","slug":"politica-de-privacidade","status":"publish","type":"page","link":"https:\/\/montanhasdobarao.com.br\/en\/politica-de-privacidade\/","title":{"rendered":"Privacy Policy"},"content":{"rendered":"<p class=\"qtranxs-available-languages-message qtranxs-available-languages-message-en\">Sorry, this entry is only available in <a href=\"https:\/\/montanhasdobarao.com.br\/pb\/wp-json\/wp\/v2\/pages\/10\" class=\"qtranxs-available-language-link qtranxs-available-language-link-pb\" title=\"Portugu\u00eas do Brasil\">Brazilian Portuguese<\/a>.<\/p>","protected":false},"excerpt":{"rendered":"<p>Sorry, this entry is only available in Brazilian Portuguese.<\/p>\n","protected":false},"author":2,"featured_media":0,"parent":0,"menu_order":0,"comment_status":"closed","ping_status":"closed","template":"","meta":[],"acf":[],"yoast_head":"<!-- This site is optimized with the Yoast SEO plugin v17.2 - https:\/\/yoast.com\/wordpress\/plugins\/seo\/ -->\n<meta name=\"robots\" content=\"index, follow, max-snippet:-1, max-image-preview:large, max-video-preview:-1\" \/>\n<link rel=\"canonical\" href=\"https:\/\/montanhasdobarao.com.br\/politica-de-privacidade\/\" \/>\n<meta property=\"og:locale\" content=\"en_US\" \/>\n<meta property=\"og:type\" content=\"article\" \/>\n<meta property=\"og:title\" content=\"Privacy Policy - Montanhas do Bar\u00e3o\" \/>\n<meta property=\"og:description\" content=\"Sorry, this entry is only available in Brazilian Portuguese.\" \/>\n<meta property=\"og:url\" content=\"https:\/\/montanhasdobarao.com.br\/politica-de-privacidade\/\" \/>\n<meta property=\"og:site_name\" content=\"Montanhas do Bar\u00e3o\" \/>\n<meta property=\"article:modified_time\" content=\"2021-07-07T13:05:19+00:00\" \/>\n<meta name=\"twitter:card\" content=\"summary_large_image\" \/>\n<meta name=\"twitter:label1\" content=\"Est. reading time\" \/>\n\t<meta name=\"twitter:data1\" content=\"6 minutes\" \/>\n<script type=\"application\/ld+json\" class=\"yoast-schema-graph\">{\"@context\":\"https:\/\/schema.org\",\"@graph\":[{\"@type\":\"WebSite\",\"@id\":\"https:\/\/montanhasdobarao.com.br\/#website\",\"url\":\"https:\/\/montanhasdobarao.com.br\/\",\"name\":\"Montanhas do Bar\\u00e3o\",\"description\":\"Caf\\u00e9 Especial direto de Guaxup\\u00e9 Minas Gerais\",\"potentialAction\":[{\"@type\":\"SearchAction\",\"target\":{\"@type\":\"EntryPoint\",\"urlTemplate\":\"https:\/\/montanhasdobarao.com.br\/?s={search_term_string}\"},\"query-input\":\"required name=search_term_string\"}],\"inLanguage\":\"en-US\"},{\"@type\":\"WebPage\",\"@id\":\"https:\/\/montanhasdobarao.com.br\/politica-de-privacidade\/#webpage\",\"url\":\"https:\/\/montanhasdobarao.com.br\/politica-de-privacidade\/\",\"name\":\"[:pb]Pol\\u00edtica de privacidade[:en]Privacy Policy[:] - Montanhas do Bar\\u00e3o\",\"isPartOf\":{\"@id\":\"https:\/\/montanhasdobarao.com.br\/#website\"},\"datePublished\":\"2021-04-12T11:33:03+00:00\",\"dateModified\":\"2021-07-07T13:05:19+00:00\",\"breadcrumb\":{\"@id\":\"https:\/\/montanhasdobarao.com.br\/politica-de-privacidade\/#breadcrumb\"},\"inLanguage\":\"en-US\",\"potentialAction\":[{\"@type\":\"ReadAction\",\"target\":[\"https:\/\/montanhasdobarao.com.br\/politica-de-privacidade\/\"]}]},{\"@type\":\"BreadcrumbList\",\"@id\":\"https:\/\/montanhasdobarao.com.br\/politica-de-privacidade\/#breadcrumb\",\"itemListElement\":[{\"@type\":\"ListItem\",\"position\":1,\"name\":\"In\\u00edcio\",\"item\":\"https:\/\/montanhasdobarao.com.br\/\"},{\"@type\":\"ListItem\",\"position\":2,\"name\":\"Pol\\u00edtica de privacidade\"}]}]}<\/script>\n<!-- \/ Yoast SEO plugin. -->","yoast_head_json":{"robots":{"index":"index","follow":"follow","max-snippet":"max-snippet:-1","max-image-preview":"max-image-preview:large","max-video-preview":"max-video-preview:-1"},"canonical":"https:\/\/montanhasdobarao.com.br\/politica-de-privacidade\/","og_locale":"en_US","og_type":"article","og_title":"Privacy Policy - Montanhas do Bar\u00e3o","og_description":"Sorry, this entry is only available in Brazilian Portuguese.","og_url":"https:\/\/montanhasdobarao.com.br\/politica-de-privacidade\/","og_site_name":"Montanhas do Bar\u00e3o","article_modified_time":"2021-07-07T13:05:19+00:00","twitter_card":"summary_large_image","twitter_misc":{"Est. reading time":"6 minutes"},"schema":{"@context":"https:\/\/schema.org","@graph":[{"@type":"WebSite","@id":"https:\/\/montanhasdobarao.com.br\/#website","url":"https:\/\/montanhasdobarao.com.br\/","name":"Montanhas do Bar\u00e3o","description":"Caf\u00e9 Especial direto de Guaxup\u00e9 Minas Gerais","potentialAction":[{"@type":"SearchAction","target":{"@type":"EntryPoint","urlTemplate":"https:\/\/montanhasdobarao.com.br\/?s={search_term_string}"},"query-input":"required name=search_term_string"}],"inLanguage":"en-US"},{"@type":"WebPage","@id":"https:\/\/montanhasdobarao.com.br\/politica-de-privacidade\/#webpage","url":"https:\/\/montanhasdobarao.com.br\/politica-de-privacidade\/","name":"[:pb]Pol\u00edtica de privacidade[:en]Privacy Policy[:] - Montanhas do Bar\u00e3o","isPartOf":{"@id":"https:\/\/montanhasdobarao.com.br\/#website"},"datePublished":"2021-04-12T11:33:03+00:00","dateModified":"2021-07-07T13:05:19+00:00","breadcrumb":{"@id":"https:\/\/montanhasdobarao.com.br\/politica-de-privacidade\/#breadcrumb"},"inLanguage":"en-US","potentialAction":[{"@type":"ReadAction","target":["https:\/\/montanhasdobarao.com.br\/politica-de-privacidade\/"]}]},{"@type":"BreadcrumbList","@id":"https:\/\/montanhasdobarao.com.br\/politica-de-privacidade\/#breadcrumb","itemListElement":[{"@type":"ListItem","position":1,"name":"In\u00edcio","item":"https:\/\/montanhasdobarao.com.br\/"},{"@type":"ListItem","position":2,"name":"Pol\u00edtica de privacidade"}]}]}},"_links":{"self":[{"href":"https:\/\/montanhasdobarao.com.br\/en\/wp-json\/wp\/v2\/pages\/10"}],"collection":[{"href":"https:\/\/montanhasdobarao.com.br\/en\/wp-json\/wp\/v2\/pages"}],"about":[{"href":"https:\/\/montanhasdobarao.com.br\/en\/wp-json\/wp\/v2\/types\/page"}],"author":[{"embeddable":true,"href":"https:\/\/montanhasdobarao.com.br\/en\/wp-json\/wp\/v2\/users\/2"}],"replies":[{"embeddable":true,"href":"https:\/\/montanhasdobarao.com.br\/en\/wp-json\/wp\/v2\/comments?post=10"}],"version-history":[{"count":4,"href":"https:\/\/montanhasdobarao.com.br\/en\/wp-json\/wp\/v2\/pages\/10\/revisions"}],"predecessor-version":[{"id":236,"href":"https:\/\/montanhasdobarao.com.br\/en\/wp-json\/wp\/v2\/pages\/10\/revisions\/236"}],"wp:attachment":[{"href":"https:\/\/montanhasdobarao.com.br\/en\/wp-json\/wp\/v2\/media?parent=10"}],"curies":[{"name":"wp","href":"https:\/\/api.w.org\/{rel}","templated":true}]}}

<p class="qtranxs-available-languages-message qtranxs-available-languages-message-en">Sorry, this entry is only available in <a href="https://montanhasdobarao.com.br/pb/wp-json/wp/v2/pages/10" class="qtranxs-available-language-link qtranxs-available-language-link-pb" title="Português do Brasil">Brazilian Portuguese</a>.</p>

<!-- This site is optimized with the Yoast SEO plugin v17.2 - https://yoast.com/wordpress/plugins/seo/ -->
<meta name="robots" content="index, follow, max-snippet:-1, max-image-preview:large, max-video-preview:-1" />
<link rel="canonical" href="https://montanhasdobarao.com.br/politica-de-privacidade/" />
<meta property="og:locale" content="en_US" />
<meta property="og:type" content="article" />
<meta property="og:title" content="Privacy Policy - Montanhas do Barão" />
<meta property="og:description" content="Sorry, this entry is only available in Brazilian Portuguese." />
<meta property="og:url" content="https://montanhasdobarao.com.br/politica-de-privacidade/" />
<meta property="og:site_name" content="Montanhas do Barão" />
<meta property="article:modified_time" content="2021-07-07T13:05:19+00:00" />
<meta name="twitter:card" content="summary_large_image" />
<meta name="twitter:label1" content="Est. reading time" />
	<meta name="twitter:data1" content="6 minutes" />
<script type="application/ld+json" class="yoast-schema-graph">{"@context":"https://schema.org","@graph":[{"@type":"WebSite","@id":"https://montanhasdobarao.com.br/#website","url":"https://montanhasdobarao.com.br/","name":"Montanhas do Bar\u00e3o","description":"Caf\u00e9 Especial direto de Guaxup\u00e9 Minas Gerais","potentialAction":[{"@type":"SearchAction","target":{"@type":"EntryPoint","urlTemplate":"https://montanhasdobarao.com.br/?s={search_term_string}"},"query-input":"required name=search_term_string"}],"inLanguage":"en-US"},{"@type":"WebPage","@id":"https://montanhasdobarao.com.br/politica-de-privacidade/#webpage","url":"https://montanhasdobarao.com.br/politica-de-privacidade/","name":"[:pb]Pol\u00edtica de privacidade[:en]Privacy Policy[:] - Montanhas do Bar\u00e3o","isPartOf":{"@id":"https://montanhasdobarao.com.br/#website"},"datePublished":"2021-04-12T11:33:03+00:00","dateModified":"2021-07-07T13:05:19+00:00","breadcrumb":{"@id":"https://montanhasdobarao.com.br/politica-de-privacidade/#breadcrumb"},"inLanguage":"en-US","potentialAction":[{"@type":"ReadAction","target":["https://montanhasdobarao.com.br/politica-de-privacidade/"]}]},{"@type":"BreadcrumbList","@id":"https://montanhasdobarao.com.br/politica-de-privacidade/#breadcrumb","itemListElement":[{"@type":"ListItem","position":1,"name":"In\u00edcio","item":"https://montanhasdobarao.com.br/"},{"@type":"ListItem","position":2,"name":"Pol\u00edtica de privacidade"}]}]}</script>
<!-- / Yoast SEO plugin. -->

Privacy Policy - Montanhas do Barão

Montanhas do Barão

Café Especial direto de Guaxupé Minas Gerais

[:pb]Política de privacidade[:en]Privacy Policy[:] - Montanhas do Barão

Início

Política de privacidade
